s the tens digit of 145270166?
6
What is the millions digit of 66276676?
6
What is the ten thousands digit of 193350795?
5
What is the hundred thousands digit of 50038593?
0
What is the units digit of 327159108?
8
What is the units digit of 1293724816?
6
What is the ten millions digit of 97937789?
9
What is the hundred thousands digit of 59358559?
3
What is the millions digit of 221222897?
1
What is the thousands digit of 360543660?
3
What is the ten thousands digit of 59236862?
3
What is the units digit of 129910489?
9
What is the ten millions digit of 61665110?
6
What is the ten thousands digit of 66148934?
4
What is the ten thousands digit of 386073713?
7
What is the ten thousands digit of 3204653224?
5
What is the hundreds digit of 664176577?
5
What is the ten thousands digit of 839975513?
7
What is the ten millions digit of 448695621?
4
What is the units digit of 29967287?
7
What is the thousands digit of 6230325980?
5
What is the millions digit of 2009264808?
9
What is the units digit of 90919574?
4
What is the units digit of 95934916?
6
What is the units digit of 710126715?
5
What is the units digit of 16665740?
0
What is the units digit of 5359848613?
3
What is the thousands digit of 44691683?
1
What is the units digit of 18771350?
0
What is the hundreds digit of 76704761?
7
What is the units digit of 1892566647?
7
What is the tens digit of 1003917569?
6
What is the ten millions digit of 6593636889?
9
What is the units digit of 458860666?
6
What is the hundred thousands digit of 17658047?
6
What is the ten thousands digit of 2104234980?
3
What is the units digit of 312032178?
8
What is the tens digit of 114601583?
8
What is the hundreds digit of 32118134?
1
What is the hundreds digit of 558629805?
8
What is the millions digit of 3185026429?
5
What is the hundreds digit of 52811594?
5
What is the hundred millions digit of 550273334?
5
What is the ten millions digit of 320931379?
2
What is the ten millions digit of 2917259524?
1
What is the units digit of 103449394?
4
What is the hundreds digit of 1446031086?
0
What is the ten millions digit of 105887701?
0
What is the hundred thousands digit of 866864216?
8
What is the units digit of 133091199?
9
What is the ten millions digit of 527155418?
2
What is the hundred thousands digit of 558131044?
1
What is the thousands digit of 715314388?
4
What is the tens digit of 1307687694?
9
What is the hundreds digit of 1156069968?
9
What is the billions digit of 1069524432?
1
What is the millions digit of 247563237?
7
What is the hundred millions digit of 1782059185?
7
What is the millions digit of 157908849?
7
What is the tens digit of 669328660?
6
What is the hundred thousands digit of 5584297118?
2
What is the hundreds digit of 3562957565?
5
What is the units digit of 3247913172?
2
What is the millions digit of 99273482?
9
What is the units digit of 449180853?
3
What is the hundred millions digit of 4188238036?
1
What is the millions digit of 63337475?
3
What is the hundreds digit of 1526559552?
5
What is the hundreds digit of 6030320191?
1
What is the millions digit of 17938030?
7
What is the hundreds digit of 530695260?
2
What is the ten millions digit of 49129435?
4
What is the units digit of 341983447?
7
What is the hundred millions digit of 108023452?
1
What is the hundred millions digit of 682424957?
6
What is the ten thousands digit of 726699822?
9
What is the hundred thousands digit of 303151460?
1
What is the units digit of 18215727?
7
What is the thousands digit of 124110014?
0
What is the ten thousands digit of 163403294?
0
What is the hundred millions digit of 136669298?
1
What is the hundred thousands digit of 29259967?
2
What is the hundred thousands digit of 6160737?
1
What is the billions digit of 1975063060?
1
What is the hundred thousands digit of 1969174882?
1
What is the ten thousands digit of 84692509?
9
What is the hundred thousands digit of 3435460678?
4
What is the hundred millions digit of 4116883287?
1
What is the hundreds digit of 153713316?
3
What is the hundreds digit of 210938913?
9
What is the thousands digit of 4202795669?
5
What is the ten millions digit of 722132477?
2
What is the hundreds digit of 3173413521?
5
What is the hundred thousands digit of 447135082?
1
What is the ten millions digit of 32577542?
3
What is the millions digit of 158017319?
8
What is the billions digit of 2510464772?
2
What is the units digit of 2068516628?
8
What is the millions digit of 151608466?
1
What is the tens digit of 796834984?
8
What is the hundred thousands digit of 8382660?
3
What is the millions digit of 21969885?
1
What is the hundred millions digit of 5101098378?
1
What is the ten millions digit of 52940258?
5
What is the units digit of 908539722?
2
What is the units digit of 8462222692?
2
What is the millions digit of 234677796?
4
What is the units digit of 608798935?
5
What is the ten thousands digit of 23879890?
7
What is the ten thousands digit of 2446764870?
6
What is the millions digit of 1290178578?
0
What is the millions digit of 95706415?
5
What is the units digit of 329056970?
0
What is the hundred millions digit of 202893524?
2
What is the thousands digit of 119600256?
0
What is the hundred thousands digit of 85474721?
4
What is the hundreds digit of 813482743?
7
What is the thousands digit of 94658968?
8
What is the units digit of 2718775718?
8
What is the units digit of 18474910?
0
What is the units digit of 854254445?
5
What is the millions digit of 2019099694?
9
What is the tens digit of 937310700?
0
What is the tens digit of 73414636?
3
What is the hundred millions digit of 2337547823?
3
What is the units digit of 4862360727?
7
What is the ten thousands digit of 359512186?
1
What is the units digit of 536537023?
3
What is the hundreds digit of 926066165?
1
What is the hundreds digit of 59010909?
9
What is the units digit of 419546313?
3
What is the hundreds digit of 80469587?
5
What is the tens digit of 3857986017?
1
What is the hundred thousands digit of 36560478?
5
What is the thousands digit of 667556563?
6
What is the billions digit of 8010537478?
8
What is the ten millions digit of 1938751059?
3
What is the units digit of 1205291700?
0
What is the hundreds digit of 1608875871?
8
What is the units digit of 19791523?
3
What is the tens digit of 88376676?
7
What is the ten millions digit of 2538593067?
3
What is the hundreds digit of 3330261146?
1
What is the hundred thousands digit of 9257143?
2
What is the tens digit of 927247327?
2
What is the ten thousands digit of 131472674?
7
What is the millions digit of 128749976?
8
What is the hundred millions digit of 1706612492?
7
What is the ten thousands digit of 84286189?
8
What is the hundreds digit of 2935318233?
2
What is the hundreds digit of 59220987?
9
What is the ten thousands digit of 161273320?
7
What is the hundred thousands digit of 4381538564?
5
What is the thousands digit of 153558976?
8
What is the ten thousands digit of 154895806?
9
What is the billions digit of 1024683581?
1
What is the ten millions digit of 728412373?
2
What is the thousands digit of 878041?
8
What is the tens digit of 3235294462?
6
What is the ten millions digit of 256213003?
5
What is the hundreds digit of 528891767?
7
What is the millions digit of 54215110?
4
What is the hundred millions digit of 135066317?
1
What is the hundred thousands digit of 527252541?
2
What is the hundreds digit of 22433816?
8
What is the tens digit of 150963668?
6
What is the units digit of 4726553?
3
What is the hundreds digit of 984200994?
9
What is the billions digit of 1166933137?
1
What is the millions digit of 1220317995?
0
What is the tens digit of 5308159219?
1
What is the ten millions digit of 63720890?
6
What is the thousands digit of 53278573?
8
What is the units digit of 733585446?
6
What is the units digit of 309068548?
8
What is the thousands digit of 482787115?
7
What is the millions digit of 308904538?
8
What is the ten millions digit of 28643243?
2
What is the ten thousands digit of 349602811?
0
What is the millions digit of 1017295557?
7
What is the billions digit of 6657351522?
6
What is the millions digit of 246139684?
6
What is the billions digit of 1309197073?
1
What is the thousands digit of 1045024448?
4
What is the th